) be the second derivative of -r**4/12 - 5*r**3/6 + r**2 + r. Let m be i(-3). Let n = -15 - -87. What is the greatest common divisor of n and m?
8
Let j = 13 + -9. Suppose 4*u - g = 123, -u = -0*g + 5*g - 57. Calculate the greatest common factor of j and u.
4
Let z = -131 - -91. Let p be 2/3 - z/12. Suppose 2*x + 4 = f, 27 - 7 = 5*f - 3*x. What is the highest common divisor of f and p?
4
Suppose -l + 0*l = 0. Suppose -k = -h - 24, 62 = 3*k - l*h + 2*h. Calculate the greatest common divisor of 2 and k.
2
Suppose 2*f + 3*s - 295 = -2*f, 3*f = 2*s + 234. Suppose -h - f = h. Let i = -24 - h. Calculate the highest common divisor of 2 and i.
2
Let y be -6 + (-2172)/(-90) + 4/(-30). Calculate the highest common factor of 45 and y.
9
Suppose 5*f = -3*k + 56, -k + 3 = -f - 5. Let h = 32 - 20. What is the highest common divisor of h and k?
12
Let m = 137 - 93. Calculate the highest common factor of 11 and m.
11
Let w(s) = s**2 - 8*s - 17. Let c be w(11). Calculate the highest common factor of 56 and c.
8
Let y = 331 - 709. Let o be (-2 - -1)/(6/y). What is the highest common factor of 21 and o?
21
Let g be ((-15)/(-9))/(1/6). What is the greatest common factor of g and 80?
10
Let w be (120/(-36))/((-2)/18). What is the highest common divisor of 75 and w?
15
Let v be (-1 + -1)*(-3)/3. Let y be (-33 + 3)/(2/(-10)) - 0. Suppose -5*f + v*f = -y. Calculate the greatest common factor of 10 and f.
10
Let o(d) be the first derivative of -15*d**2/2 - 1. Suppose 0 = -4*n - 0 - 4. Let i be o(n). Calculate the highest common factor of 105 and i.
15
Let m(i) = -i**3 + 6*i**2 + 2*i - 9. Let s be m(6). Let u = -6 - 2. Let v be (-382)/(-18) - u/(-36). What is the greatest common factor of v and s?
3
Let j = -273 + 510. Suppose 5*b + 3*t = j, 3*b = -2*t - 3*t + 155. Calculate the highest common factor of 15 and b.
15
Let t be (-3787)/(-42) + 4/(-24). What is the highest common divisor of 60 and t?
30
Suppose 4*a + a = 10. Let d be (5 + 0)*(0 + 1). What is the greatest common divisor of d and a?
1
Suppose -3*h = -2*h - 11. What is the greatest common divisor of 33 and h?
11
Let t(p) = -p**2 - p + 2. Let q be t(-2). Suppose 5*d + 3*l + 5 = q, -4*l - 8 = 3*d + 6. Let n = 7 - d. Calculate the highest common factor of 5 and n.
5
Suppose 3*a + f + 9 = -2*f, -3*a + 3*f + 21 = 0. Let c(h) = h**2 + 2*h + 2. Let i be c(-2). Calculate the greatest common factor of i and a.
2
Suppose 0*w + 124 = 2*w. Let y = 79 + 76. What is the highest common factor of w and y?
31
Suppose -2*z + z + b + 1 = 0, 8 = 2*z + b. Suppose 0 = -5*p - y + 26, -2*p + z*y + 8 = -16. What is the greatest common divisor of 6 and p?
6
Suppose 14 = 5*z + 4. Let t be z/4 - 14/(-4). Calculate the greatest common factor of 44 and t.
4
Suppose 0*r = 3*r. Suppose r = 5*b + 15 - 135. What is the greatest common factor of b and 12?
12
Let p = -8 + 17. What is the greatest common divisor of 27 and p?
9
Suppose -5*d = -r + 18, -d + 2*d = -5*r + 142. Suppose 0 = h + 4*c - 62, 3*h + h - 163 = c. Calculate the greatest common divisor of h and r.
14
Suppose 5*o - 3*x - 19 = -x, 4*o - 20 = 4*x. Suppose -o*i = -7*i + 64. Calculate the greatest common factor of 32 and i.
16
Let q be 0 + 0/(2 - 0). Let p(w) = w**2 - 3. Let h be p(q). Let n be ((-11)/h)/((-3)/(-72)). What is the highest common divisor of n and 11?
11
Let t(c) = 427*c**3 + c**2 + c. Let k be t(-1). Let r be (-1)/(-2) + k/2. Let p = r - -389. Calculate the greatest common factor of 16 and p.
16
Let h = 45 + -34. What is the greatest common divisor of h and 11?
11
Let g(n) = n**3 - 14*n**2 + 2*n - 7. Suppose -59 = -4*m - 3. Let v be g(m). What is the greatest common divisor of v and 189?
21
Let d be ((-5)/3 + 2)/(9/135). Suppose -5*k + 195 = 4*z, 3*z - 4*k = -48 + 171. Calculate the highest common factor of z and d.
5
Let i(w) = 6*w**2 - 2*w - 1. Let v be i(2). Suppose x + 96 = 5*d, 3 - 46 = -2*d + 5*x. What is the highest common divisor of v and d?
19
Let j(l) be the first derivative of -l**4/4 + 3*l**3 + 9*l**2/2 - 5*l + 6. Let u be j(9). Calculate the highest common factor of u and 19.
19
Let j(t) = t**2 + 10*t - 3. Let u be j(-11). What is the greatest common divisor of 8 and u?
8
Let s = 70 - -10. Calculate the highest common factor of s and 16.
16
Suppose 4*o + 667 = -4*a - a, o + 268 = -2*a. Let t = -84 - a. Let f be ((-34)/4)/(150/(-12) - -12). Calculate the greatest common divisor of f and t.
17
Let y(s) = s + 31. Let l be y(-23). What is the highest common factor of l and 12?
4
Let j = -30 + 106. Suppose 4*i - 3*h - 131 = 0, 3*i + 2*h - j = i. Calculate the highest common factor of 5 and i.
5
Let y be (-1 + -5)*10/(-15). What is the highest common divisor of y and 4?
4
Suppose 3*g - 8*g = -60. What is the greatest common divisor of g and 60?
12
Let d(x) = -3*x - 1. Let m be d(-2). Suppose z + 4*z - m*h - 120 = 0, 2*h + 8 = 0. Calculate the greatest common divisor of 10 and z.
10
Suppose -7*m + 2*m + 39 = -u, 0 = -u + 1. Let g = -26 - -46. Calculate the greatest common factor of g and m.
4
Suppose 3*m + 223 = 5*y - 130, -2*y = 5*m - 135. Suppose 3*t - 25 = 17. What is the greatest common divisor of y and t?
14
Let a(w) = -w**2 + 16*w - 12. Let s be a(15). Suppose 0 = 3*x - 4*n - 5, -x - 2*n + 6 = n. What is the highest common factor of x and s?
3
Let t be (-10)/((3/(-3))/12). Suppose 107 = -4*k - 2*r + 331, -2*k - 5*r + t = 0. Calculate the highest common divisor of 11 and k.
11
Let c = -5 + 19. What is the greatest common factor of 112 and c?
14
Let x be 24/(-1) + 3 + -1. Let o = x - -33. Suppose 5*m = -3*r - 0*r + 559, -5*r = -15. Calculate the highest common factor of o and m.
11
Let g = 34 + -27. Calculate the greatest common divisor of 7 and g.
7
Suppose -x = -5*c + 170, -c - 4*c - 4*x = -195. Calculate the greatest common factor of c and 14.
7
Let l(f) = -5*f + 6. Let w(a) = 14*a - 17. Let q(m) = -17*l(m) - 6*w(m). Let h be q(4). What is the highest common factor of h and 2?
2
Suppose 5*n + 3 + 6 = -4*z, -2*z + 33 = -5*n. Let f = z + 0. Let k(q) = -q - 2. Let o be k(-6). What is the highest common factor of f and o?
4
Suppose 50 = -3*y - r, -55 = 2*y - 4*r - 17. Let z be ((-6)/(-5))/((-6)/(-140)). Let w = z + y. What is the highest common factor of 11 and w?
11
Let w be (-3)/6 + (-134)/(-4). Suppose w = 3*z - 0*z. Let h = 22 - z. What is the greatest common factor of 99 and h?
11
Suppose 0 = -2*r + 33 - 1. Let m = r - 11. Suppose -5*u + 76 = 2*w, 0 = -m*w + 2*u + 44 + 117. What is the highest common factor of w and 22?
11
Let k be 2/(-8) + (-30)/8. Let j be (120/9)/k*-6. Let m = -10 + j. What is the greatest common divisor of 40 and m?
10
Suppose -20 = 5*l - 0*l, -4*h - 5*l - 44 = 0. Let q be (-4)/h - (-336)/36. What is the highest common divisor of q and 50?
10
Suppose 2*a = -a + 3*t + 45, 3*a = -t + 45. Let y = -7 + a. Suppose 4*d = 4, -d + 5*d = -b + 28. What is the highest common divisor of y and b?
8
Suppose -s - 2*h = -5*s + 322, 2*h = s - 79. Suppose -2*r = -73 - s. Let p(i) = 22*i - 33. Let f be p(2). Calculate the highest common factor of r and f.
11
Let p = -2 + 6. Suppose p*a + 20 = 0, m + 5*a - 1 = -m. Suppose -5*u + 33 = m. What is the highest common factor of u and 20?
4
Let w = 0 + 2. Suppose -w*m - 3*m = -370. Suppose -2*l - 19 = 5*h - m, -3*h - 4*l + 33 = 0. What is the greatest common divisor of h and 121?
11
Suppose 0 = -5*f + 100 + 25. Calculate the highest common factor of 225 and f.
25
Let r = 61 - 29. Calculate the greatest common factor of r and 32.
32
Let q = 45 - 18. Calculate the greatest common factor of q and 3.
3
Let g be (-5)/(10/(-6)) + -1. Suppose -g*m + 21 = -p, 0 = -2*m - 3*p + 9. Calculate the highest common factor of 63 and m.
9
Let s = -12 + 26. Let y(h) = -5*h - 3. Suppose 3*b = 4*r - 22, -3*r + 6 + 6 = 0. Let i be y(b). Calculate the highest common divisor of i and s.
7
Let a be (1/2)/(3/(-36)). Let t = -1 - a. Suppose 0 = -3*j - 5*z + 58, -t*z - 38 - 72 = -5*j. What is the highest common factor of j and 21?
21
Suppose 0 = 4*a + 3*u - 3, 10 = -a - 4*u + 1. Let j = a - -129. What is the greatest common factor of j and 22?
22
Let a = 92 - 64. Calculate the greatest common divisor of a and 14.
14
Let m(f) = f + 5. Suppose 4*i - 21 = i. Let j be m(i). Let k be (18/24)/(1/j). Calculate the greatest common divisor